n factor of k and 8?
2
Suppose -5*b + 14775 = -4*q, 28*b - 32*b + 3*q = -11820. What is the greatest common factor of b and 30?
15
Suppose -5*g + 2422 = -163. Suppose 2*i + 173 = g. Let k = i + -72. Calculate the greatest common divisor of 20 and k.
20
Suppose l - 3*g = 106, -7*l - 78*g + 83*g = -774. What is the highest common divisor of 2192 and l?
16
Suppose -51 - 36 = -29*g. Let z be (203/(-21) - -9)/(4/(-522)). Calculate the highest common factor of z and g.
3
Let l(r) = -r**2 - 5. Let g be l(6). Let j be (g/(-6))/(28/336). What is the highest common factor of j and 1066?
82
Let u(m) = 2*m**2 - 5*m - 2. Let k be u(6). Suppose 3*w + 8*p = 1092, 5*w - 576*p - 1727 = -579*p. What is the highest common divisor of k and w?
20
Let z = 6594 + -6456. What is the highest common divisor of 10534 and z?
46
Suppose 48*y - 50*y = -4*q + 31318, -23493 = -3*q - 3*y. Calculate the greatest common divisor of 405 and q.
135
Suppose 12*q - 1027 = -67 + 804. Suppose n - 503 + 8 = -2*t, 0 = -2*t + 4*n + 470. Calculate the greatest common divisor of q and t.
49
Let x = -1614 + 2156. Suppose -36*f + x = -106. Let j(d) = 3*d**2 + d - 1. Let v be j(-2). Calculate the greatest common divisor of f and v.
9
Suppose 3*l - 54 = 54. Let h(g) = 4*g - 5. Let w be h(1). Let b be (26 - w)/((-2)/(-24)). Calculate the greatest common factor of l and b.
36
Suppose 9*n + 3*n + 2028 = 0. Let m be (24/(-39))/(-4) + (-650)/n. Calculate the greatest common factor of 36 and m.
4
Let i be (278/(-8))/(-11*21/12936). Calculate the greatest common divisor of i and 2224.
278
Suppose -5*y - 4*d = -160, d + 35 + 44 = 3*y. Suppose 2*q - 9 = -3. Suppose -3*r + 53 = r - q*s, 32 = 2*r + 4*s. What is the highest common factor of y and r?
14
Suppose -b = -6*b + 180. Suppose -94*f + 935 = -83*f. Suppose 74*t + 660 = f*t. What is the greatest common divisor of t and b?
12
Let h be -2187*(-8)/30*175/14. Calculate the highest common divisor of 30 and h.
30
Suppose -7392 = -1965*m + 1954*m. Calculate the greatest common divisor of m and 182.
14
Suppose 2*w + 220 - 892 = 0. Suppose 0 = -2*h + 8*h - w. What is the greatest common factor of h and 196?
28
Let l be (-502281)/(-130) - 12/(-40). What is the highest common divisor of 42 and l?
42
Let i = -8 + 21. Let u be (-2)/5 + (-1008)/(-45) + -9. Suppose u = -146*k + 147*k. Calculate the greatest common factor of k and i.
13
Let c(v) = 70*v - 1730. Let p be c(26). Calculate the greatest common factor of p and 100.
10
Let q(d) = -4*d - 35. Let y be q(-10). Suppose 17 = b + y*w + 5, -4*w = -2*b + 10. Suppose -43*o - b = -44*o. Calculate the highest common divisor of o and 2.
1
Let c = 40832 + -40576. Calculate the greatest common factor of c and 4768.
32
Let u be (-82)/((-3)/(-1) + -1). Let x = u + 55. Suppose x = 2*o - 10. Calculate the highest common factor of o and 96.
12
Suppose -2*y + q + 6397 = 0, 6 = -27*q + 29*q. What is the greatest common divisor of y and 12?
4
Let b(j) be the third derivative of 0*j - 9*j**2 - 1/24*j**4 + 19/6*j**3 + 0. Let a be b(-11). What is the greatest common divisor of 6 and a?
6
Let a(x) = x**2 + 39*x - 176. Let w be a(-52). Suppose 940 = 8*d - w. Calculate the highest common factor of d and 45.
45
Let r(j) = 11*j + 56. Let t be r(16). Let c be (16/6 - 3)*(-2 + -22). What is the greatest common factor of c and t?
8
Let d = 186 + -201. Let o(w) = -w**2 + 6*w + 5. Let x be o(7). Let a be d*(10/6 + x). Calculate the highest common factor of 45 and a.
5
Suppose -4*t = 3*h - 504, -14*t = -11*t + 27. Let d = 135 - 15. What is the greatest common divisor of h and d?
60
Suppose 89 + 39 = -16*n. Let s be ((-20)/1)/(n*(-3)/(-12)). Calculate the greatest common divisor of 320 and s.
10
Let v be (-32)/48 - (-440)/30. Calculate the highest common factor of v and 3598.
14
Let h = 74 - 72. Let b = 0 + 1. Let i be -9 - -14 - (-1 + b). What is the highest common factor of h and i?
1
Let z(f) = -f**2 - 12*f**2 + f**3 + 10 + f - 11 + 30*f. Let o be z(10). Let w be (-3 - -2)*54/(-2). What is the highest common divisor of w and o?
9
Let t = -555 + 718. Suppose -r + t = 43. What is the highest common divisor of r and 312?
24
Let x = 38939 + -38734. What is the greatest common divisor of 2624 and x?
41
Let m(h) be the second derivative of -17*h**4/12 + 20*h**3/3 + h**2/2 - 3*h + 16. Let f be m(1). Calculate the highest common factor of 264 and f.
24
Let c be 625/(-50)*-1*(-2)/1*-2. Suppose -u = -0*u - 2. What is the highest common factor of c and u?
2
Suppose 368*s - 354*s = 3402. Let h be ((-2)/4)/(2/(-108)). What is the greatest common divisor of h and s?
27
Let l be (161 - -2) + (-375)/(-15) + -34. What is the greatest common factor of l and 15554?
154
Let n(r) = -165*r + 1. Let f be n(2). Let j = -301 - f. What is the greatest common factor of 98 and j?
14
Suppose -26*g + 27*g - 72 = 4*m, g + 15*m - 110 = 0. What is the greatest common divisor of g and 180?
20
Suppose -160*v - 36*v + 7738 = -7942. Calculate the highest common divisor of v and 2700.
20
Let q be 10 - (-305)/(-30) - (-8527)/6. Let r be 90/21*q/7. Calculate the highest common divisor of r and 30.
30
Suppose -2*t + 126 = -5*t - 3*d, t - 5*d = -12. Let y be -1 + 29 - (-39 - t). Calculate the greatest common divisor of y and 10.
10
Let i = -95 - -106. Suppose -i*p - 65 = -16*p. What is the highest common divisor of 13 and p?
13
Suppose 4*b - 5*y = 52, 19*b - 14*b - 28 = -3*y. What is the greatest common divisor of b and 318?
2
Let j be 792/57 - -6 - (-2)/19. Suppose j + 250 = 18*b. Calculate the greatest common factor of b and 450.
15
Let p(b) = 5*b - 20. Let m(r) = -2*r + 3*r**2 - 85 + 92 - 3*r. Let t be m(2). Let h be p(t). Calculate the highest common factor of 225 and h.
25
Let o be 5485/((125/(-6))/(-25)) + (-1)/(-1). What is the highest common divisor of 203 and o?
29
Suppose 20*a + 25 = 25*a. Suppose 0 = 4*n - c - 179, -9*n + 10*n + a*c - 29 = 0. What is the highest common factor of 121 and n?
11
Let q be 2 + -3 - -1 - 0. Suppose -3*h + v = -637 - 113, -2*h - v + 500 = q. Calculate the highest common factor of 50 and h.
50
Let m = 11298 - 10088. What is the greatest common divisor of 1760 and m?
110
Let j(c) = 10*c**2 - 12*c + 10. Let r be j(5). Suppose 0 = -3*x - x + r. Suppose z = 4 + 16. Calculate the greatest common divisor of x and z.
10
Suppose 4*l + 40 = 6*l. Let f = l - 16. Suppose -2*u + 72 = f*u. Calculate the greatest common factor of 24 and u.
12
Suppose 2*j = -5*v - 25 + 159, -5*v + 2*j + 106 = 0. Calculate the highest common factor of v and 2196.
12
Let o = 2239 + -2236. Let d be 21/(-3)*-5 + -2. Calculate the highest common divisor of d and o.
3
Suppose 0 = -y + 11*y - 3780. Let c = y - 333. What is the greatest common divisor of c and 20?
5
Let i = -20618 + 20735. Calculate the greatest common divisor of i and 481.
13
Let n be (-12 - 9/(-1)) + (-1)/1 - -19. Calculate the highest common factor of n and 111.
3
Suppose -2*d = -5*q + 6117, 41*q = 44*q - 5*d - 3693. What is the greatest common factor of q and 66?
33
Suppose 4*p - 60*r + 62*r - 176 = 0, 3*r + 72 = p. What is the greatest common factor of p and 1932?
12
Let g be ((-5)/(-2))/(9 + (-36620)/4080). What is the highest common divisor of g and 340?
34
Let t(b) = b**3 - 6*b**2 - 4*b - 7. Let u be t(7). Let z(f) = -4*f**2 - 29*f. Let c be z(-2). Calculate the greatest common divisor of u and c.
14
Let g = 12901 - 11858. What is the greatest common divisor of 21 and g?
7
Suppose 2*t = 59 + 115. Suppose -3*v = -48*v + 19575. What is the highest common divisor of t and v?
87
Let r(j) = j**3 + 11*j**2 - 12*j + 16. Let k be r(-12). Let z = 27 + -12. Suppose 0 = -u - 7 + z. Calculate the highest common divisor of u and k.
8
Let r = -187 - -195. Suppose 0 = -4*s + 4*m - r + 508, -113 = -s + 5*m. Calculate the highest common divisor of 16 and s.
16
Suppose 2*f + 12 = -f, -5*f - 16 = 2*d. Suppose d*a + 1288 = 10*a. Suppose 2*j - 5*m - 84 = -m, 4*j = m + a. Calculate the greatest common divisor of 16 and j.
8
Let q be (-6)/(6/(-56)*(-21)/96*-2). What is the highest common divisor of 56 and q?
8
Let u(b) be the first derivative of b**4/4 + 32*b**3/3 - 3*b**2 - 111*b - 102. Let h be u(-32). Calculate the highest common factor of h and 9.
9
Suppose -22*g + 18*g + 4 = 0. Suppose j - 2*o = 9, -3*o - g - 8 = 3*j. Wh